 of c and 68?
17
Let z be ((-2)/6 - ((-207)/(-27) + -11))*5. Calculate the greatest common factor of 785 and z.
5
Let w = -48 - -50. Let q(g) = 13*g - 9. Let k be q(w). Let t be 597/7 - (-28)/(-98). What is the highest common divisor of k and t?
17
Let p be (-5)/(-3) + 837/81. Suppose -6*r = -p*r + 2430. What is the highest common divisor of r and 15?
15
Let k = 1178 - 1063. Calculate the greatest common divisor of 2300 and k.
115
Let l(q) = -q - 4*q + 0*q - 62 + 2*q. Let v be l(-21). What is the highest common divisor of v and 9?
1
Suppose 5*z + 3*v - 38 = -33, -z + 1 = 5*v. Let t be (-2345)/(-42) + z/6. What is the greatest common factor of 21 and t?
7
Let r = 481 + -166. Suppose 2520 = 21*s - r. Let t = -11 + 26. What is the greatest common divisor of t and s?
15
Let w = -3209 - -3304. Let q be 70/2 + 2 + 1. What is the greatest common divisor of q and w?
19
Let f(s) = -275*s - 3585. Let w be f(-39). Calculate the highest common factor of w and 30.
30
Let h(k) = 17*k - 5. Let q be h(4). Let s(z) = z**2 + 2. Let l be s(-3). Suppose 168 = -3*t + l*t. Calculate the greatest common factor of q and t.
21
Suppose 11*k - 22 = 22. Suppose -15 = -6*j + 3*j. Suppose 4 = f + 2*y, f + 4*f + j*y - 20 = 0. What is the highest common factor of f and k?
4
Let a = 273 + -754. Let r = a + 499. What is the greatest common factor of r and 1404?
18
Suppose -12*z + 13*z - 5 = 0. Let p be 4/1 + (-16 - -15). Calculate the greatest common factor of p and z.
1
Let y = -8601 + 8723. Calculate the greatest common divisor of 16897 and y.
61
Let v = -4578 + 5002. Calculate the greatest common divisor of 16 and v.
8
Let j(h) = 6*h**2 + 94*h - 720. Let o be j(8). Calculate the greatest common factor of o and 1079.
13
Let m(s) = s**2 - 7*s + 29. Let y(u) = 3*u + 7. Let p be y(-1). Let w be m(p). Calculate the highest common factor of w and 153.
17
Suppose 75*k - 1792 = -141*k - 40*k. Suppose -2*m - 4 = 0, -3*s + 3*m + 1042 = s. Calculate the greatest common divisor of s and k.
7
Suppose 14*a - 19*a = -15*a + 690. What is the greatest common divisor of 46 and a?
23
Let q(h) be the first derivative of 7*h**3 - 3*h**2/2 - 4*h + 7. Let l be q(3). What is the greatest common divisor of 22 and l?
22
Suppose -8 = -j - 2*s, -j + 5*j - 4*s + 16 = 0. Suppose j*f - 64 = -f. What is the greatest common factor of 4 and f?
4
Suppose 591 = 4*x + r + 4*r, -5*x - 4*r = -750. Let n = 114 + -24. Let f be (-6)/45 + 1272/n. What is the highest common factor of x and f?
14
Suppose -4*u - 2*j - 3*j = -111, 5*u - j = 117. Let t be 108/12*(-2)/(-9). Let a be 1332/u - 3/t. What is the greatest common factor of 6 and a?
6
Let u be 727 - (-3 + 10/(-5)). Let d = u - 475. Let f = d + -96. What is the greatest common divisor of 7 and f?
7
Let c(m) = 78*m**2 - 3*m - 4. Let y be c(-1). Let d be 7/(y/13) + (-4)/22. What is the greatest common divisor of 25 and d?
1
Let l(m) = -6*m + 16. Let x be l(4). Let b be (-9974)/x - -1*(-3)/4. Suppose 206 = -8*p + b. Calculate the greatest common divisor of p and 52.
26
Let c be (-246 + 9)*(8/12)/(-2). Let x be (1 + c)*14/5. Calculate the greatest common divisor of x and 84.
28
Let l be -10*18/12*-1. Suppose -l*n = -19*n - 3*b + 4688, -n = -2*b - 1183. What is the greatest common divisor of n and 25?
25
Let k(f) = 65*f**3 - 6*f**2 - 36*f + 253. Let t be k(5). What is the greatest common factor of 64 and t?
16
Let k = 25958 + -25747. What is the greatest common divisor of 59713 and k?
211
Let z(u) = u**2 - 28*u + 217. Let m be z(18). Calculate the highest common factor of m and 1.
1
Let z be 3 - -6*(9 - 3). Suppose z = 8*i - 81. What is the highest common divisor of 10 and i?
5
Let b(c) = c**2 + 6*c + 8. Let w = -101 + 101. Let u be b(w). Let a = -75 - -107. Calculate the highest common factor of a and u.
8
Suppose -4*n + 1255 = -3*b + 148, -4*b + 1376 = 5*n. Calculate the highest common factor of 600 and n.
12
Suppose 0 = 5*k - 2*k - 3252. Suppose h - 540 = -2*o + 4*h, -4*o + 4*h = -k. Suppose 5*w + o = 8*w. Calculate the highest common divisor of w and 13.
13
Let a be 1/(1/(-4) - (-81)/468). Let c be (-2690)/(-6) - a/(-39). What is the greatest common divisor of 168 and c?
56
Let o be 27/(27/2*10/(-35) + 4). Calculate the highest common factor of 819 and o.
63
Suppose 83*v + 8151 - 109463 + 2376 = 0. What is the greatest common factor of 32 and v?
8
Suppose 909 + 14051 = 44*o. Calculate the greatest common divisor of 30 and o.
10
Let h = -4557 - -4731. What is the greatest common divisor of 116 and h?
58
Let o = -4650 + 5094. Calculate the greatest common factor of 84 and o.
12
Let r be (-12384)/27*(-10)/4*18/30. Calculate the highest common divisor of r and 215.
43
Let w be (2/2)/((-1)/(-39)). Suppose 4*b - 26 = -2*u + b, w = u - 5*b. Let c = 3327 + -3308. Calculate the greatest common divisor of u and c.
19
Suppose 3*t - 13*t = 40. Let c be (4 + t - 0)/(-1). Let g = c + 3. What is the highest common factor of g and 6?
3
Let m = 66 - 58. Suppose 7*v = -m + 8. Suppose 5*w + 2*c - 46 = -v*c, 0 = 3*w - 3*c - 15. What is the highest common factor of 8 and w?
8
Suppose 5*t + 1198 = 3*h, 3*t + 765 = 2*h - 34. Suppose 703 = -2*g - h. Let r be (g/(-48))/(1/2). Calculate the highest common divisor of r and 23.
23
Let s = 2132 - 1232. Suppose 0 = -20*a + s + 3100. Calculate the greatest common divisor of 16 and a.
8
Let h(g) be the first derivative of 5*g**2 + 74*g + 54. Let l be h(-6). What is the highest common divisor of l and 6?
2
Let o(h) = -2*h + 46. Let q be o(23). Let m be (-1)/3*q/(-34). Suppose m = -k - 4*v + 48, 2*v + 120 = 4*k - 0*v. What is the greatest common factor of 4 and k?
4
Suppose -60 + 6 = -2*s. Let a = -587 + 591. Suppose 2*g = 2*p + 10, 0 = -3*g + a*p + 4 + 13. What is the greatest common factor of g and s?
3
Let h be ((-16)/10)/((-44)/330). Let r be -5 - 0 - (3 + -7). Let g(t) = -7*t**3 - 3*t**2 + 2. Let p be g(r). Calculate the greatest common factor of h and p.
6
Let c(w) = w**2 - 2*w - 9. Let j be c(-5). Suppose -1820 = 759*q - 769*q. What is the greatest common divisor of q and j?
26
Suppose i - 44 = -i. Suppose u + 10 = i. Suppose 0 = 7*s + u - 40. Calculate the highest common divisor of s and 36.
4
Let k = -4162 - -4207. What is the greatest common divisor of 3 and k?
3
Suppose 4*u = 3*k - 8*k + 87, -k - 33 = -u. Suppose -2*y + 5 = 1, 2*y - 3924 = -4*h. Suppose w - h = -4*w. What is the greatest common factor of u and w?
28
Let p = -122 - -152. Suppose -5*b + p = i - 118, 5*b = i + 152. Let q be 853/5 + (-18)/b. What is the greatest common factor of q and 34?
34
Let f(p) = -p**3 + 5*p**2 + p. Let h = 8 - 3. Let w be f(h). Suppose 58 = -5*c - 4*s + 353, -5*s + 245 = 4*c. Calculate the highest common divisor of w and c.
5
Suppose 4*i - 6 = j, -i - 4*j + 12 = i. Let s = 46 + -42. Suppose s*k + i*k = 42. Calculate the greatest common divisor of 49 and k.
7
Suppose -4*c + 6 = 5*s, -c + 1 = -s + 2*s. Suppose 16 = -0*u + s*u. Suppose -596 = -26*p + 236. Calculate the highest common factor of u and p.
8
Let v(l) = 5*l**2 + 187*l - 2324. Let t be v(13). Calculate the highest common factor of t and 17.
17
Suppose -76 = -48*l + 38*l - 16. What is the greatest common factor of l and 1776?
6
Let m(s) = 25*s**2 + 2*s - 2. Let f be m(1). Let n = -25 + f. Let l be -2 + (80 - n/2). Calculate the greatest common divisor of l and 26.
26
Suppose -5*f - x = -4416, 55*x - 3504 = -4*f + 59*x. Calculate the greatest common factor of f and 182.
14
Let n be 1098/12*(-2)/(-3). Suppose 699 = 9*h + 96. Let w = h - n. What is the greatest common factor of 4 and w?
2
Let j = 64 - 62. Let o(g) = -6*g - g**2 + 2*g**3 - 7 - g**3 + 0*g**3 - 6*g**j. Let p be o(8). Calculate the highest common divisor of 63 and p.
9
Let m be 1/(6/15 + (-4)/(-40)). Suppose 64 = 5*x + m*y - 432, -12 = -4*y. What is the greatest common factor of x and 42?
14
Let q be ((-15 - -9) + -6 - -18)*628/6. What is the greatest common divisor of q and 7379?
157
Let q(k) = 41*k + 1233. Let w be q(-25). What is the greatest common factor of 806 and w?
26
Suppose 57 = a - 3*q, -48*a - q = -43*a - 237. What is the highest common divisor of a and 240?
48
Let c = 126 - 138. Let b be (51 - 11)/((-16)/c). Suppose -3*l + l + 480 = 0. Calculate the highest common factor of b and l.
30
Let f = 46 + -41. Suppose f*m 